7
Let q be 8/3 - 3 - (-35)/(-3). Let s = q - -12. Suppose 3*c - 63 = -s*c. List the prime factors of c.
3, 7
Suppose -5*b + 711 = -8229. Suppose b - 4976 = -3*x + 5*d, -4*d + 2096 = 2*x. What are the prime factors of x?
2, 3, 11
Let o be (-12)/(-36)*(0 - 3)*15. Let q(z) = -87*z - 48. List the prime factors of q(o).
3, 419
Let d(v) = -v**2 - 11*v - 19. Let u = 1 - 8. Let t be d(u). List the prime factors of (12/(-4) + 1 - t)*-7.
7, 11
Suppose 3*b + 132 = 14*b. Suppose 12 + b = 2*p. What are the prime factors of (-70)/7*p/(-2)?
2, 3, 5
Let s = 143 - 95. What are the prime factors of -48*(-44)/(-6)*(-36)/s?
2, 3, 11
Let g = 584 - -144. Suppose -4*n - 4*y + 0*y + g = 0, 4*y = -n + 182. What are the prime factors of n?
2, 7, 13
Suppose 7*y = 4 + 80. Suppose 2*i + y*i = 28. Let m(a) = 22*a**3 - 2*a**2 + a - 1. What are the prime factors of m(i)?
13
Suppose -320 = 8*z - 4*z. Let k be (-248)/z - (-1)/(-10). Suppose 114 - 32 = b - u, k*b = -4*u + 253. What are the prime factors of b?
83
Let l(t) = t**3 - 4*t**2 - 2*t - 3. Let r be l(4). Let b(k) = -19*k - 12. Let n be b(r). Let z = 108 + n. What are the prime factors of z?
5, 61
Let k = -204 + 114. Let a be ((-1)/(-3))/((-362)/k - 4). Let y = 117 + a. List the prime factors of y.
2, 3, 11
Suppose 5*c = -u - u + 40, -5*c - u = -40. Suppose 4*l - c*k - 194 = -6*k, -4*k = 20. What are the prime factors of l?
2, 23
Let s(b) = -4*b**2 + 13 - 11*b + 0*b**2 + 5*b**2. Let v be s(10). Suppose -3*x + 3*g = 164 - 659, -v*x + 467 = 4*g. What are the prime factors of x?
7, 23
Let m(z) = 10*z - 38. Let d be m(4). Suppose -218 = -4*b - 2*n + 1008, 0 = 5*b - d*n - 1519. What are the prime factors of b?
5, 61
Suppose -7*l + 1001 = 4*l. Let n = -88 + l. Suppose -3*m = 2*x - 265, n*x - 4*x = -3*m + 277. List the prime factors of m.
7, 13
Suppose 4*w = -2*a + 5*a, 0 = w + a. Let m(r) = 10*r + 637. What are the prime factors of m(w)?
7, 13
Let v(i) = 27*i**3 - 3*i**2 + 12*i - 57. List the prime factors of v(4).
3, 557
Let m = 47819 + -18999. What are the prime factors of m?
2, 5, 11, 131
List the prime factors of ((-5826)/4)/(2 + 175/(-80)).
2, 971
Suppose -11 = -11*w + 22. Let y(k) = -14 + 4*k - w - 27*k. What are the prime factors of y(-3)?
2, 13
Suppose -4*a + 6647 = -3*a - 2731. What are the prime factors of a?
2, 3, 521
Let s(d) = 152*d + 2. Let r be s(1). Let v = r + 49. List the prime factors of v.
7, 29
Suppose -56*g + 1211 = -55*g. List the prime factors of -1 + g + (3 - (-4 + 5)).
2, 3, 101
Suppose 4*c + 198 + 46 = 0. Suppose 539 = 5*s - 3*k, 2*s - 3*s = -2*k - 112. Let x = s + c. What are the prime factors of x?
3, 5
Suppose -11*d + 375 = -329. Suppose 65*s = d*s + 981. List the prime factors of s.
3, 109
Suppose -s = 2*m + 4, -5*s + 0*s + 36 = -4*m. Suppose -5*r - t = -2*t - 5363, 3*r + s*t - 3204 = 0. What are the prime factors of r?
2, 67
Let z(b) be the second derivative of -14*b**3/3 + 4*b**2 - 4*b. Let v be (3 - 9/3) + -1 + -1. List the prime factors of z(v).
2
Let m(o) = 27*o**2 + 6*o + 79. Let h be m(10). Suppose -h = 7*k - 24*k. List the prime factors of k.
167
Suppose -13533 = -3*s - 2*c, -2*c - 22550 = -5*s - 7*c. List the prime factors of s.
4513
Let w be (-92)/(-10) + 612/(-60) + 10. What are the prime factors of ((-909)/(-2))/w*14?
7, 101
Let l(k) = -k + 12. Let f(v) = -2*v + 39. Let j be f(15). Let z be l(j). Suppose -z*p + 144 = 45. What are the prime factors of p?
3, 11
Let c(q) = 93*q - 1. Let m(o) = -92*o. Let u(j) = -2*c(j) - 3*m(j). What are the prime factors of u(6)?
2, 271
Let z = -8208 - -16531. List the prime factors of z.
7, 29, 41
Let v be ((90/(-12))/(-3))/((-1)/74). Let a = v + 537. What are the prime factors of a?
2, 11
Suppose -25 + 49 = -4*c. What are the prime factors of c/4 + 205*50/20?
7, 73
List the prime factors of -6 - -1 - (-36 - (-1589154)/(-42)).
2, 9467
Let v(i) = 46*i**3 - 10*i**2 + 7*i - 7. What are the prime factors of v(9)?
2, 5, 11, 149
Suppose 19*c = 136166 + 94532. What are the prime factors of c?
2, 13, 467
Let c = 432 - 122. Let z = 20883 + -20533. Suppose -z - c = -15*i. What are the prime factors of i?
2, 11
Suppose 0 = -z - w + 14, -3*z + w + w + 47 = 0. Suppose 4896 = z*u + u. List the prime factors of u.
2, 3, 17
Let b = 11866 + 1404. What are the prime factors of b?
2, 5, 1327
Let x = 16895 - 4934. List the prime factors of x.
3, 443
Suppose f + 8*f - 63 = 0. Suppose f*t + 2112 = 15*t. Let g = t - 79. What are the prime factors of g?
5, 37
Let q = -20839 + 53042. List the prime factors of q.
32203
Let c(a) = a**3 + a**2 + a + 2. Let x(k) = -5*k**3 - 15*k**2 + 1. Let l(i) = -4*c(i) - x(i). Let d = -9 - 1. What are the prime factors of l(d)?
131
Let b(r) = -13*r**2 - 8*r + 8. Let z be b(5). Let t = 506 - z. What are the prime factors of t?
863
Suppose 17*r - 2*r - 510 = 0. Let p = -38 + 101. Suppose 0 = -p*w + 62*w + r. What are the prime factors of w?
2, 17
Suppose 6343 = 8*l + 1103. Suppose l = -13*v + 1877. What are the prime factors of v?
2, 47
Suppose -8555288 = -78*k - 5*k - 65*k. What are the prime factors of k?
2, 7, 4129
Suppose -57 + 505 = 4*y. Suppose -y*u + 107*u = -865. List the prime factors of u.
173
Let t(i) = 711*i**2 + 141*i - 118. What are the prime factors of t(7)?
2, 79, 113
Let a(o) = 10*o**2 - 6*o - 36. Let d = -384 + 395. What are the prime factors of a(d)?
2, 277
Suppose 315*x + 3058786 - 4588842 = 5046199. List the prime factors of x.
3, 6959
Let s be ((-12)/(-5))/((-25)/(-3750)). Let k = 528 - s. List the prime factors of k.
2, 3, 7
Let l be 4*2*(-30)/24. Let u(m) = -m**2 - 11*m + 9. What are the prime factors of u(l)?
19
Suppose 0 = -5*i - 4*z + 339, -3*i = 2*z - 210 + 7. Let h = 78 - i. Suppose -125*n + 126*n = h. What are the prime factors of n?
11
Let h = -39423 - -66207. What are the prime factors of h?
2, 3, 31
Suppose 12412814 - 2787935 = 46*s + 161*s. What are the prime factors of s?
3, 11, 1409
Suppose -33233 = -o + y, -4*o - 1464*y + 1459*y + 132995 = 0. List the prime factors of o.
2, 3, 5, 277
Suppose -4*k - 2*w + 325 = k, -3*k = -w - 195. Suppose -2*a + 4*r = -24, 6*a = a + 5*r + k. List the prime factors of a.
2, 7
Let m be 2 + 10/5 - 2. Suppose w + 0*w + 3*s - 173 = 0, 3*w + m*s = 512. What are the prime factors of w?
2, 5, 17
Suppose -2*w = 4*r - w + 7, -2*r + 4 = 2*w. Let a be (-1 + 111/9)*r. Let n = a - -75. List the prime factors of n.
41
Let t = -12033 - -23128. List the prime factors of (0 + -1)/(5*(-7)/t).
317
Let r be (-17 - -67)/((-4)/(-502)). Suppose -5*a - 2511 = -2*w - 6*a, -r = -5*w - 3*a. List the prime factors of w.
2, 17, 37
Let x = 5798 - -1437. What are the prime factors of x?
5, 1447
Suppose -3*h + 4*m = -32, -5*m - 17 = 2*h - 0*m. Suppose -13*f + 18 = -h*f. Suppose 5*g + f = 122. List the prime factors of g.
2, 3
Suppose -5*g - 12*g + 106344 = 25*g. List the prime factors of g.
2, 3, 211
Suppose -30*m + 22032 = -6*m. Suppose -2*f = -5*c + 1499, 0 = -3*c - 3*f - 2*f + m. What are the prime factors of c?
7, 43
Let g(s) = s**3 + 14*s**2 + 24*s + 13. Let u be g(-12). Suppose -2*b + u*b - 8712 = 0. List the prime factors of b.
2, 3, 11
Let o(w) = 3*w + 259. Let n(m) = -4*m - 258. Let b be (-116)/(-14) + -3 - (-14)/(-49). Let j(t) = b*o(t) + 4*n(t). List the prime factors of j(0).
263
Suppose 5*s + 12*s - 958880 = -63*s. What are the prime factors of s?
2, 13, 461
Let w be 2/(-6)*14*(-20448)/64. Let j = 2134 - w. List the prime factors of j.
643
Suppose 5*u + 2 = 112. Suppose -19*p + u*p = 198. Suppose -4*r + 365 = 3*y, 3*y - p - 297 = -3*r. What are the prime factors of y?
7, 17
Let f be (-1)/(21/6) - 674/(-7). Suppose -f + 106 = m. Suppose 2*j - w - 215 = 0, 3*w - 5*w = -m. What are the prime factors of j?
2, 5, 11
What are the prime factors of (-3043131)/(-273) - (-15 + 0)?
2, 5581
Suppose -5*n + 4*w + 45483 = 0, -7 = 3*w - 16. List the prime factors of n.
3, 337
Let u(z) = 2*z**2 + 18*z + 13. Let r = -41 - -77. Let k = r + -47. List the prime factors of u(k).
3, 19
Suppose 154*o + 13356 = 147*o. Let i = -669 - o. What are the prime factors of i?
3, 7, 59
Suppose -3*g - 663 = -5*u, -u - 7*g = -6*g - 131. Suppose -361 = -2*c - 0*c + 3*b, 3*c + b = 558. Let o = c - u. What are the prime factors of o?
53
Let x = -4996 + 50532. What are the prime factors of x?
2, 1423
Suppose 0*k + 3*k = -525. Suppo